{"id":706,"date":"2020-01-23T12:09:20","date_gmt":"2020-01-23T11:09:20","guid":{"rendered":"http:\/\/widum278.at\/?page_id=706"},"modified":"2025-03-18T17:58:07","modified_gmt":"2025-03-18T16:58:07","slug":"wanderungen","status":"publish","type":"page","link":"http:\/\/widum278.at\/?page_id=706","title":{"rendered":"Wanderungen"},"content":{"rendered":"<p>&nbsp;<\/p>\n<h1 style=\"text-align: center;\">Ausflugstipps in der Gegend<\/h1>\n<p>&nbsp;<\/p>\n<p>&nbsp;<\/p>\n<p>&nbsp;<\/p>\n<h2><a href=\"https:\/\/www.outdooractive.com\/de\/route\/wanderung\/sulzberg\/grenzerpfad-oberreute-im-allgaeu\/6006225\/\" target=\"_blank\" rel=\"noopener noreferrer\"><b><i>Grenzerpfad Sulzberg<\/i><\/b><\/a><\/h2>\n<p>&nbsp;<\/p>\n<p>\n\t\t\t\t\t\n\n\t\t\t\t\t<!-- START UNITE GALLERY LITE 1.7.56 -->\n\t\t\t\t\t\n\t\t\t\t\n\t\t\t<div id='unitegallery_11_1' class='unite-gallery' style='margin:0px auto;'>\n\t\t\t\t\n\n\t\t\t\t\t\t<img alt=\"\"\n\t\t\t\t\t\t     src=\"\" data-image=\"http:\/\/widum278.at\/wp-content\/uploads\/2019\/11\/IMG_7545-scaled.jpg\"\n\t\t\t\t\t\t     data-thumb=\"http:\/\/widum278.at\/wp-content\/uploads\/2019\/11\/IMG_7545-300x200.jpg\"\n\t\t\t\t\t\t     title=\"\"\n\t\t\t\t\t\t     style=\"display:none\">\n\n\t\t\t\t\t\t<img alt=\"\"\n\t\t\t\t\t\t     src=\"\" data-image=\"http:\/\/widum278.at\/wp-content\/uploads\/2019\/11\/IMG_7523-e1580583813975.jpg\"\n\t\t\t\t\t\t     data-thumb=\"http:\/\/widum278.at\/wp-content\/uploads\/2019\/11\/IMG_7523-300x200.jpg\"\n\t\t\t\t\t\t     title=\"\"\n\t\t\t\t\t\t     style=\"display:none\">\n\t\t\t<\/div>\n\n\t\t\t<script type='text\/javascript'>\n\t\t\t\twindow.onload = function(e) {\n\t\t\t\t\tif(typeof ugCheckForErrors == \"undefined\"){\n\t\t\t\t\t\tdocument.getElementById(\"unitegallery_11_1\").innerHTML = \"<span style='color:red'>Unite Gallery Error - gallery js and css files not included in the footer. Please make sure that wp_footer() function is added to your theme.<\/span>\";}\n\t\t\t\t\telse{ ugCheckForErrors(\"unitegallery_11_1\", \"jquery\");}\n\t\t\t\t};\n\t\t\t<\/script>\n\n\t\t\t<!-- END UNITEGALLERY LITE--><\/p>\n<p>&nbsp;<\/p>\n<p>Der grenz\u00fcberschreitender Erlebnisrundweg zwischen Oberreute und Sulzberg (A) ein Erlebnis<span class=\"Apple-converted-space\">\u00a0 <\/span>f\u00fcr die ganze Familie.<\/p>\n<p>&nbsp;<\/p>\n<p>&nbsp;<\/p>\n<h2><a href=\"https:\/\/www.vorarlberg.travel\/route\/hittisau-ueber-bruecken-und-durch-die-schlucht\/\" target=\"_blank\" rel=\"noopener noreferrer\"><b><i>Engenlochschlucht Hittisau<\/i><\/b><\/a><\/h2>\n<p>&nbsp;<\/p>\n<p>\n\t\t\t\t\t\n\n\t\t\t\t\t<!-- START UNITE GALLERY LITE 1.7.56 -->\n\t\t\t\t\t\n\t\t\t\t\n\t\t\t<div id='unitegallery_12_2' class='unite-gallery' style='margin:0px auto;'>\n\t\t\t\t\n\n\t\t\t\t\t\t<img alt=\"\"\n\t\t\t\t\t\t     src=\"\" data-image=\"http:\/\/widum278.at\/wp-content\/uploads\/2019\/11\/IMG_7588-e1580583369588.jpg\"\n\t\t\t\t\t\t     data-thumb=\"http:\/\/widum278.at\/wp-content\/uploads\/2019\/11\/IMG_7588-300x200.jpg\"\n\t\t\t\t\t\t     title=\"\"\n\t\t\t\t\t\t     style=\"display:none\">\n\n\t\t\t\t\t\t<img alt=\"\"\n\t\t\t\t\t\t     src=\"\" data-image=\"http:\/\/widum278.at\/wp-content\/uploads\/2019\/11\/IMG_7585-e1580583387754.jpg\"\n\t\t\t\t\t\t     data-thumb=\"http:\/\/widum278.at\/wp-content\/uploads\/2019\/11\/IMG_7585-300x200.jpg\"\n\t\t\t\t\t\t     title=\"\"\n\t\t\t\t\t\t     style=\"display:none\">\n\n\t\t\t\t\t\t<img alt=\"\"\n\t\t\t\t\t\t     src=\"\" data-image=\"http:\/\/widum278.at\/wp-content\/uploads\/2019\/11\/IMG_7578-e1580583568159.jpg\"\n\t\t\t\t\t\t     data-thumb=\"http:\/\/widum278.at\/wp-content\/uploads\/2019\/11\/IMG_7578-300x200.jpg\"\n\t\t\t\t\t\t     title=\"\"\n\t\t\t\t\t\t     style=\"display:none\">\n\n\t\t\t\t\t\t<img alt=\"\"\n\t\t\t\t\t\t     src=\"\" data-image=\"http:\/\/widum278.at\/wp-content\/uploads\/2019\/11\/IMG_7558-scaled.jpg\"\n\t\t\t\t\t\t     data-thumb=\"http:\/\/widum278.at\/wp-content\/uploads\/2019\/11\/IMG_7558-300x200.jpg\"\n\t\t\t\t\t\t     title=\"\"\n\t\t\t\t\t\t     style=\"display:none\">\n\t\t\t<\/div>\n\n\n\t\t\t<!-- END UNITEGALLERY LITE--><\/p>\n<p>&nbsp;<\/p>\n<p>Sie Wanderung f\u00fchrt<span class=\"Apple-converted-space\">\u00a0 <\/span>zur ca. 300 Jahre alten Kommabr\u00fccke, der \u00e4ltesten gedeckten Holzbr\u00fccke des Landes, der Bolgenach entlang bis zur Engenlochschlucht mit ihren \u00fcberh\u00e4ngenden Felsformationen und<span class=\"Apple-converted-space\">\u00a0 <\/span>\u00fcber die Lie\u00dfenbachbr\u00fccke zur wasserbetriebenen S\u00e4ge Bartenstein in Reute.<\/p>\n<p>&nbsp;<\/p>\n<p>&nbsp;<\/p>\n<h2><a href=\"https:\/\/www.wanderdoerfer.at\/vorarlberg\/wanderweg\/bezau-panoramaweg-zur-niedere-hoehe\/\" target=\"_blank\" rel=\"noopener noreferrer\"><b><i>Niedere Bezau<\/i><\/b><\/a><\/h2>\n<p>&nbsp;<\/p>\n<p>\n\t\t\t\t\t\n\n\t\t\t\t\t<!-- START UNITE GALLERY LITE 1.7.56 -->\n\t\t\t\t\t\n\t\t\t\t\n\t\t\t<div id='unitegallery_13_3' class='unite-gallery' style='margin:0px auto;'>\n\t\t\t\t\n\n\t\t\t\t\t\t<img alt=\"\"\n\t\t\t\t\t\t     src=\"\" data-image=\"http:\/\/widum278.at\/wp-content\/uploads\/2019\/11\/IMG_7668-e1580583280890.jpg\"\n\t\t\t\t\t\t     data-thumb=\"http:\/\/widum278.at\/wp-content\/uploads\/2019\/11\/IMG_7668-300x200.jpg\"\n\t\t\t\t\t\t     title=\"\"\n\t\t\t\t\t\t     style=\"display:none\">\n\n\t\t\t\t\t\t<img alt=\"\"\n\t\t\t\t\t\t     src=\"\" data-image=\"http:\/\/widum278.at\/wp-content\/uploads\/2019\/11\/IMG_7658-e1580583290397.jpg\"\n\t\t\t\t\t\t     data-thumb=\"http:\/\/widum278.at\/wp-content\/uploads\/2019\/11\/IMG_7658-300x200.jpg\"\n\t\t\t\t\t\t     title=\"\"\n\t\t\t\t\t\t     style=\"display:none\">\n\n\t\t\t\t\t\t<img alt=\"\"\n\t\t\t\t\t\t     src=\"\" data-image=\"http:\/\/widum278.at\/wp-content\/uploads\/2019\/11\/IMG_7650-e1580583311265.jpg\"\n\t\t\t\t\t\t     data-thumb=\"http:\/\/widum278.at\/wp-content\/uploads\/2019\/11\/IMG_7650-300x200.jpg\"\n\t\t\t\t\t\t     title=\"\"\n\t\t\t\t\t\t     style=\"display:none\">\n\t\t\t<\/div>\n\n\n\t\t\t<!-- END UNITEGALLERY LITE--><\/p>\n<p>&nbsp;<\/p>\n<p>Wundersch\u00f6ne Winterwanderung mit herrlichem 360\u00b0 Ausblick in die Bergwelt Vorarlbergs, auf die Schweizer Alpen und bis zum Bodensee.<\/p>\n<p>&nbsp;<\/p>\n<p>&nbsp;<\/p>\n<h2><a href=\"https:\/\/www.vorarlberg.travel\/aktivitaet\/quelltuff-lingenau-bregenzerwald\/\" target=\"_blank\" rel=\"noopener noreferrer\"><b><i>Quelltuffstein Lingenau<\/i><\/b><\/a><\/h2>\n<p>&nbsp;<\/p>\n<p>\n\t\t\t\t\t\n\n\t\t\t\t\t<!-- START UNITE GALLERY LITE 1.7.56 -->\n\t\t\t\t\t\n\t\t\t\t\n\t\t\t<div id='unitegallery_14_4' class='unite-gallery' style='margin:0px auto;'>\n\t\t\t\t\n\n\t\t\t\t\t\t<img alt=\"\"\n\t\t\t\t\t\t     src=\"\" data-image=\"http:\/\/widum278.at\/wp-content\/uploads\/2019\/11\/IMG_7681-e1580583259553.jpg\"\n\t\t\t\t\t\t     data-thumb=\"http:\/\/widum278.at\/wp-content\/uploads\/2019\/11\/IMG_7681-300x200.jpg\"\n\t\t\t\t\t\t     title=\"\"\n\t\t\t\t\t\t     style=\"display:none\">\n\n\t\t\t\t\t\t<img alt=\"\"\n\t\t\t\t\t\t     src=\"\" data-image=\"http:\/\/widum278.at\/wp-content\/uploads\/2019\/11\/DSC06161-e1580584140152-scaled.jpg\"\n\t\t\t\t\t\t     data-thumb=\"http:\/\/widum278.at\/wp-content\/uploads\/2019\/11\/DSC06161-200x300.jpg\"\n\t\t\t\t\t\t     title=\"\"\n\t\t\t\t\t\t     style=\"display:none\">\n\n\t\t\t\t\t\t<img alt=\"\"\n\t\t\t\t\t\t     src=\"\" data-image=\"http:\/\/widum278.at\/wp-content\/uploads\/2019\/11\/DSC06148-e1580584163834.jpg\"\n\t\t\t\t\t\t     data-thumb=\"http:\/\/widum278.at\/wp-content\/uploads\/2019\/11\/DSC06148-300x200.jpg\"\n\t\t\t\t\t\t     title=\"\"\n\t\t\t\t\t\t     style=\"display:none\">\n\t\t\t<\/div>\n\n\n\t\t\t<!-- END UNITEGALLERY LITE--><\/p>\n<p>&nbsp;<\/p>\n<p>Leichte <i>Wanderung<\/i> zum <i>Quelltuff<\/i> in <i>Lingenau<\/i>, Bregenzerwald, einem faszinierenden Naturdenkmal \u2013 Die Wanderung ist wunderbar geeignet auch mit Kindern.<\/p>\n<p>&nbsp;<\/p>\n<p>&nbsp;<\/p>\n<p>&nbsp;<\/p>\n<h2><a href=\"https:\/\/www.bregenzerwald.at\/orte\/hochhaederich\/\" target=\"_blank\" rel=\"noopener noreferrer\"><b><i>Hochh\u00e4derich<\/i><\/b><\/a><\/h2>\n<p>&nbsp;<\/p>\n<p>\n\t\t\t\t\t\n\n\t\t\t\t\t<!-- START UNITE GALLERY LITE 1.7.56 -->\n\t\t\t\t\t\n\t\t\t\t\n\t\t\t<div id='unitegallery_16_5' class='unite-gallery' style='margin:0px auto;'>\n\t\t\t\t\n\n\t\t\t\t\t\t<img alt=\"Hochh\u00e4derich\"\n\t\t\t\t\t\t     src=\"\" data-image=\"http:\/\/widum278.at\/wp-content\/uploads\/2019\/11\/IMG_7742-scaled.jpg\"\n\t\t\t\t\t\t     data-thumb=\"http:\/\/widum278.at\/wp-content\/uploads\/2019\/11\/IMG_7742-300x200.jpg\"\n\t\t\t\t\t\t     title=\"\"\n\t\t\t\t\t\t     style=\"display:none\">\n\n\t\t\t\t\t\t<img alt=\"Hochh\u00e4derich\"\n\t\t\t\t\t\t     src=\"\" data-image=\"http:\/\/widum278.at\/wp-content\/uploads\/2019\/11\/IMG_7738-e1580580591217.jpg\"\n\t\t\t\t\t\t     data-thumb=\"http:\/\/widum278.at\/wp-content\/uploads\/2019\/11\/IMG_7738-300x200.jpg\"\n\t\t\t\t\t\t     title=\"\"\n\t\t\t\t\t\t     style=\"display:none\">\n\n\t\t\t\t\t\t<img alt=\"Hochh\u00e4derich\"\n\t\t\t\t\t\t     src=\"\" data-image=\"http:\/\/widum278.at\/wp-content\/uploads\/2019\/11\/IMG_7730-e1580583199865.jpg\"\n\t\t\t\t\t\t     data-thumb=\"http:\/\/widum278.at\/wp-content\/uploads\/2019\/11\/IMG_7730-300x200.jpg\"\n\t\t\t\t\t\t     title=\"\"\n\t\t\t\t\t\t     style=\"display:none\">\n\n\t\t\t\t\t\t<img alt=\"Hochh\u00e4derich\"\n\t\t\t\t\t\t     src=\"\" data-image=\"http:\/\/widum278.at\/wp-content\/uploads\/2019\/11\/IMG_7726-e1580583219959.jpg\"\n\t\t\t\t\t\t     data-thumb=\"http:\/\/widum278.at\/wp-content\/uploads\/2019\/11\/IMG_7726-300x200.jpg\"\n\t\t\t\t\t\t     title=\"\"\n\t\t\t\t\t\t     style=\"display:none\">\n\n\t\t\t\t\t\t<img alt=\"Hochh\u00e4derich\"\n\t\t\t\t\t\t     src=\"\" data-image=\"http:\/\/widum278.at\/wp-content\/uploads\/2019\/11\/IMG_7724-e1580583239620.jpg\"\n\t\t\t\t\t\t     data-thumb=\"http:\/\/widum278.at\/wp-content\/uploads\/2019\/11\/IMG_7724-300x200.jpg\"\n\t\t\t\t\t\t     title=\"\"\n\t\t\t\t\t\t     style=\"display:none\">\n\t\t\t<\/div>\n\n\n\t\t\t<!-- END UNITEGALLERY LITE--><\/p>\n<p>&nbsp;<\/p>\n<p>Sommer wie im Winter ein Erlebnis.Die Alpenarena Hochh\u00e4derich ist ein vielseitiges Wandergebiet. Wanderungen auch mit dem Kinderwagen m\u00f6glich.<\/p>\n<p>&nbsp;<\/p>\n<h2><\/h2>\n<h2><a href=\"https:\/\/www.bergfex.at\/sommer\/vorarlberg\/touren\/wanderung\/46342,rappenlochschlucht--staufensee--alplochschlucht\/\" target=\"_blank\" rel=\"noopener noreferrer\"><b><i>Rappenlochschlucht Dornbirn<\/i><\/b><\/a><\/h2>\n<p>&nbsp;<\/p>\n<p>\n\t\t\t\t\t\n\n\t\t\t\t\t<!-- START UNITE GALLERY LITE 1.7.56 -->\n\t\t\t\t\t\n\t\t\t\t\n\t\t\t<div id='unitegallery_17_6' class='unite-gallery' style='margin:0px auto;'>\n\t\t\t\t\n\n\t\t\t\t\t\t<img alt=\"Rappenlochschlucht Dornbirn\"\n\t\t\t\t\t\t     src=\"\" data-image=\"http:\/\/widum278.at\/wp-content\/uploads\/2019\/11\/DSC06322-e1580583889948.jpg\"\n\t\t\t\t\t\t     data-thumb=\"http:\/\/widum278.at\/wp-content\/uploads\/2019\/11\/DSC06322-300x200.jpg\"\n\t\t\t\t\t\t     title=\"\"\n\t\t\t\t\t\t     style=\"display:none\">\n\n\t\t\t\t\t\t<img alt=\"Rappenlochschlucht Dornbirn\"\n\t\t\t\t\t\t     src=\"\" data-image=\"http:\/\/widum278.at\/wp-content\/uploads\/2019\/11\/DSC06316-e1580583910315.jpg\"\n\t\t\t\t\t\t     data-thumb=\"http:\/\/widum278.at\/wp-content\/uploads\/2019\/11\/DSC06316-300x200.jpg\"\n\t\t\t\t\t\t     title=\"\"\n\t\t\t\t\t\t     style=\"display:none\">\n\n\t\t\t\t\t\t<img alt=\"Rappenlochschlucht Dornbirn\"\n\t\t\t\t\t\t     src=\"\" data-image=\"http:\/\/widum278.at\/wp-content\/uploads\/2019\/11\/DSC06311-e1580583930436.jpg\"\n\t\t\t\t\t\t     data-thumb=\"http:\/\/widum278.at\/wp-content\/uploads\/2019\/11\/DSC06311-300x200.jpg\"\n\t\t\t\t\t\t     title=\"\"\n\t\t\t\t\t\t     style=\"display:none\">\n\n\t\t\t\t\t\t<img alt=\"Rappenlochschlucht Dornbirn\"\n\t\t\t\t\t\t     src=\"\" data-image=\"http:\/\/widum278.at\/wp-content\/uploads\/2019\/11\/DSC06309-e1580583957824.jpg\"\n\t\t\t\t\t\t     data-thumb=\"http:\/\/widum278.at\/wp-content\/uploads\/2019\/11\/DSC06309-300x200.jpg\"\n\t\t\t\t\t\t     title=\"\"\n\t\t\t\t\t\t     style=\"display:none\">\n\t\t\t<\/div>\n\n\n\t\t\t<!-- END UNITEGALLERY LITE--><\/p>\n<p>&nbsp;<\/p>\n<p>Sch\u00f6ne Wanderung<span class=\"Apple-converted-space\">\u00a0 <\/span>einfach sehen und erleben<\/p>\n<p>&nbsp;<\/p>\n<p>&nbsp;<\/p>\n<h2><a href=\"https:\/\/www.oberstaufen.de\/natur-erleben\/wandern\/mittelschwere-touren\/oberstaufen-eibele-aach-rundweg.html\" target=\"_blank\" rel=\"noopener noreferrer\"><b><i>Eibele Wasserfall Oberstaufen<\/i><\/b><\/a><\/h2>\n<p>&nbsp;<\/p>\n<p>\n\t\t\t\t\t\n\n\t\t\t\t\t<!-- START UNITE GALLERY LITE 1.7.56 -->\n\t\t\t\t\t\n\t\t\t\t\n\t\t\t<div id='unitegallery_10_7' class='unite-gallery' style='margin:0px auto;'>\n\t\t\t\t\n\n\t\t\t\t\t\t<img alt=\"\"\n\t\t\t\t\t\t     src=\"\" data-image=\"http:\/\/widum278.at\/wp-content\/uploads\/2019\/11\/IMG_7482-e1580583870489.jpg\"\n\t\t\t\t\t\t     data-thumb=\"http:\/\/widum278.at\/wp-content\/uploads\/2019\/11\/IMG_7482-300x200.jpg\"\n\t\t\t\t\t\t     title=\"\"\n\t\t\t\t\t\t     style=\"display:none\">\n\t\t\t<\/div>\n\n\n\t\t\t<!-- END UNITEGALLERY LITE--><\/p>\n<p>&nbsp;<\/p>\n<p>Langer, angenehmer Weg am S\u00fcdhang mit Einkehrm\u00f6glichkeiten, vorbei an einem einmaligen Wildpark, Wasserf\u00e4llen, Stausee bis hin zur Wei\u00dfach und zur\u00fcck nach Oberstaufen.<\/p>\n<p>&nbsp;<\/p>\n<p>&nbsp;<\/p>\n<h2><a href=\"https:\/\/www.schwarzenberg.at\/\" target=\"_blank\" rel=\"noopener noreferrer\"><b><i>Ort Schwarzenberg<\/i><\/b><\/a><\/h2>\n<p>&nbsp;<\/p>\n<p>\n\t\t\t\t\t\n\n\t\t\t\t\t<!-- START UNITE GALLERY LITE 1.7.56 -->\n\t\t\t\t\t\n\t\t\t\t\n\t\t\t<div id='unitegallery_18_8' class='unite-gallery' style='margin:0px auto;'>\n\t\t\t\t\n\n\t\t\t\t\t\t<img alt=\"Schwarzenberg\"\n\t\t\t\t\t\t     src=\"\" data-image=\"http:\/\/widum278.at\/wp-content\/uploads\/2019\/11\/IMG_7608-e1580583330138.jpg\"\n\t\t\t\t\t\t     data-thumb=\"http:\/\/widum278.at\/wp-content\/uploads\/2019\/11\/IMG_7608-300x200.jpg\"\n\t\t\t\t\t\t     title=\"\"\n\t\t\t\t\t\t     style=\"display:none\">\n\n\t\t\t\t\t\t<img alt=\"Schwarzenberg\"\n\t\t\t\t\t\t     src=\"\" data-image=\"http:\/\/widum278.at\/wp-content\/uploads\/2019\/11\/IMG_7598-e1580583350725.jpg\"\n\t\t\t\t\t\t     data-thumb=\"http:\/\/widum278.at\/wp-content\/uploads\/2019\/11\/IMG_7598-300x200.jpg\"\n\t\t\t\t\t\t     title=\"\"\n\t\t\t\t\t\t     style=\"display:none\">\n\t\t\t<\/div>\n\n\n\t\t\t<!-- END UNITEGALLERY LITE--><\/p>\n<p>&nbsp;<\/p>\n<p>Lebenskunst und Kultur in Schwarzenberg, immer ein Besuch wert!<\/p>\n<p>&nbsp;<\/p>\n<h2><\/h2>\n<h2><a href=\"https:\/\/tourismus.lochau.at\/sehenswertes.html\" target=\"_blank\" rel=\"noopener noreferrer\"><b><i>Lochau Bodensee<\/i><\/b><\/a><\/h2>\n<p>&nbsp;<\/p>\n<p>Einfach sehenswert!<\/p>\n<p>&nbsp;<\/p>\n<p>&nbsp;<\/p>\n<h2><a href=\"https:\/\/holzschuhe.at\/de\" target=\"_blank\" rel=\"noopener noreferrer\"><b><i>Devich Hittisau<\/i><\/b><\/a><\/h2>\n<p>&nbsp;<\/p>\n<p>\n\t\t\t\t\t\n\n\t\t\t\t\t<!-- START UNITE GALLERY LITE 1.7.56 -->\n\t\t\t\t\t\n\t\t\t\t\n\t\t\t<div id='unitegallery_19_9' class='unite-gallery' style='margin:0px auto;'>\n\t\t\t\t\n\n\t\t\t\t\t\t<img alt=\"Devich\"\n\t\t\t\t\t\t     src=\"\" data-image=\"http:\/\/widum278.at\/wp-content\/uploads\/2019\/11\/DSC06220-e1580583601138.jpg\"\n\t\t\t\t\t\t     data-thumb=\"http:\/\/widum278.at\/wp-content\/uploads\/2019\/11\/DSC06220-300x200.jpg\"\n\t\t\t\t\t\t     title=\"\"\n\t\t\t\t\t\t     style=\"display:none\">\n\n\t\t\t\t\t\t<img alt=\"Devich\"\n\t\t\t\t\t\t     src=\"\" data-image=\"http:\/\/widum278.at\/wp-content\/uploads\/2019\/11\/DSC06212-e1580583622861.jpg\"\n\t\t\t\t\t\t     data-thumb=\"http:\/\/widum278.at\/wp-content\/uploads\/2019\/11\/DSC06212-300x200.jpg\"\n\t\t\t\t\t\t     title=\"\"\n\t\t\t\t\t\t     style=\"display:none\">\n\t\t\t<\/div>\n\n\n\t\t\t<!-- END UNITEGALLERY LITE--><\/p>\n<p>&nbsp;<\/p>\n<p>Holzschuhe hergestellt in Hittisau<\/p>\n<p>&nbsp;<\/p>\n<h2><em><a href=\"https:\/\/www.bregenzerwald.at\/aktivitaet\/hittisau-rundwanderung-lecknertal-rohnehoehe\/\"><strong>Lecknertal<\/strong><\/a><\/em><\/h2>\n<p>Ausgang Hittisau.<\/p>\n<p>Sehr sch\u00f6ne Rundwanderung im Alpgebiet des Lecknertals. Vorbei an 6 Alpen, einige erzeugen Alpk\u00e4se.<\/p>\n<p>&nbsp;<\/p>\n<h2><em><a href=\"https:\/\/www.schetteregg.at\/aktivitaeten-sommer\/\"><strong>Schetteregg<\/strong><\/a><\/em><\/h2>\n<p>Ab dem Skilift ein leicht begehbarer Weg durch die Vors\u00e4\u00dfsiedlungen von Eggatsberg und Hammeratsberg. Die Alpen sind von Juni bis Mitte September bewirtschaftet.<\/p>\n<p>&nbsp;<\/p>\n<h2><em><a href=\"https:\/\/www.bergwelten.com\/t\/w\/30141\"><strong>Wasserweg Hittisau<\/strong><\/a><\/em><\/h2>\n<p>Sch\u00f6ner Wasserwanderweg. Hunde lieben ihn.<\/p>\n<p>Beginn m\u00f6glich ab dem Dorfbrunnen Hittisau oder auch Schwimmbad.<\/p>\n<p>&nbsp;<\/p>\n","protected":false},"excerpt":{"rendered":"<p>&nbsp; Ausflugstipps in der Gegend &nbsp; &nbsp; &nbsp; Grenzerpfad Sulzberg &nbsp; &nbsp; Der grenz\u00fcberschreitender Erlebnisrundweg zwischen Oberreute und Sulzberg (A) ein Erlebnis\u00a0 f\u00fcr die ganze Familie. &nbsp; &nbsp; Engenlochschlucht Hittisau &nbsp; &nbsp; Sie Wanderung f\u00fchrt\u00a0 zur ca. 300 Jahre alten Kommabr\u00fccke, der \u00e4ltesten gedeckten Holzbr\u00fccke des Landes, der Bolgenach entlang bis zur Engenlochschlucht mit ihren [&hellip;]<\/p>\n","protected":false},"author":2,"featured_media":0,"parent":0,"menu_order":0,"comment_status":"closed","ping_status":"closed","template":"","meta":{"footnotes":""},"class_list":["post-706","page","type-page","status-publish","hentry"],"yoast_head":"<!-- This site is optimized with the Yoast SEO plugin v24.6 - https:\/\/yoast.com\/wordpress\/plugins\/seo\/ -->\n<title>Wanderungen - Wohlf\u00fchlferienwohnung in Sulzberg<\/title>\n<meta name=\"robots\" content=\"index, follow, max-snippet:-1, max-image-preview:large, max-video-preview:-1\" \/>\n<link rel=\"canonical\" href=\"http:\/\/widum278.at\/?page_id=706\" \/>\n<meta property=\"og:locale\" content=\"de_DE\" \/>\n<meta property=\"og:type\" content=\"article\" \/>\n<meta property=\"og:title\" content=\"Wanderungen - Wohlf\u00fchlferienwohnung in Sulzberg\" \/>\n<meta property=\"og:description\" content=\"&nbsp; Ausflugstipps in der Gegend &nbsp; &nbsp; &nbsp; Grenzerpfad Sulzberg &nbsp; &nbsp; Der grenz\u00fcberschreitender Erlebnisrundweg zwischen Oberreute und Sulzberg (A) ein Erlebnis\u00a0 f\u00fcr die ganze Familie. &nbsp; &nbsp; Engenlochschlucht Hittisau &nbsp; &nbsp; Sie Wanderung f\u00fchrt\u00a0 zur ca. 300 Jahre alten Kommabr\u00fccke, der \u00e4ltesten gedeckten Holzbr\u00fccke des Landes, der Bolgenach entlang bis zur Engenlochschlucht mit ihren [&hellip;]\" \/>\n<meta property=\"og:url\" content=\"http:\/\/widum278.at\/?page_id=706\" \/>\n<meta property=\"og:site_name\" content=\"Wohlf\u00fchlferienwohnung in Sulzberg\" \/>\n<meta property=\"article:modified_time\" content=\"2025-03-18T16:58:07+00:00\" \/>\n<meta name=\"twitter:card\" content=\"summary_large_image\" \/>\n<meta name=\"twitter:label1\" content=\"Gesch\u00e4tzte Lesezeit\" \/>\n\t<meta name=\"twitter:data1\" content=\"2\u00a0Minuten\" \/>\n<script type=\"application\/ld+json\" class=\"yoast-schema-graph\">{\"@context\":\"https:\/\/schema.org\",\"@graph\":[{\"@type\":\"WebPage\",\"@id\":\"http:\/\/widum278.at\/?page_id=706\",\"url\":\"http:\/\/widum278.at\/?page_id=706\",\"name\":\"Wanderungen - Wohlf\u00fchlferienwohnung in Sulzberg\",\"isPartOf\":{\"@id\":\"https:\/\/widum278.at\/de\/ferienwohnung-2\/#website\"},\"datePublished\":\"2020-01-23T11:09:20+00:00\",\"dateModified\":\"2025-03-18T16:58:07+00:00\",\"breadcrumb\":{\"@id\":\"http:\/\/widum278.at\/?page_id=706#breadcrumb\"},\"inLanguage\":\"de\",\"potentialAction\":[{\"@type\":\"ReadAction\",\"target\":[\"http:\/\/widum278.at\/?page_id=706\"]}]},{\"@type\":\"BreadcrumbList\",\"@id\":\"http:\/\/widum278.at\/?page_id=706#breadcrumb\",\"itemListElement\":[{\"@type\":\"ListItem\",\"position\":1,\"name\":\"Startseite\",\"item\":\"http:\/\/widum278.at\/\"},{\"@type\":\"ListItem\",\"position\":2,\"name\":\"Wanderungen\"}]},{\"@type\":\"WebSite\",\"@id\":\"https:\/\/widum278.at\/de\/ferienwohnung-2\/#website\",\"url\":\"https:\/\/widum278.at\/de\/ferienwohnung-2\/\",\"name\":\"Wohlf\u00fchlferienwohnung in Sulzberg\",\"description\":\"Maly\u00b4s Ferienwohnung - grenzenlos geniessen in Sulzberg-Vorarlberg\",\"potentialAction\":[{\"@type\":\"SearchAction\",\"target\":{\"@type\":\"EntryPoint\",\"urlTemplate\":\"https:\/\/widum278.at\/de\/ferienwohnung-2\/?s={search_term_string}\"},\"query-input\":{\"@type\":\"PropertyValueSpecification\",\"valueRequired\":true,\"valueName\":\"search_term_string\"}}],\"inLanguage\":\"de\"}]}<\/script>\n<!-- \/ Yoast SEO plugin. -->","yoast_head_json":{"title":"Wanderungen - Wohlf\u00fchlferienwohnung in Sulzberg","robots":{"index":"index","follow":"follow","max-snippet":"max-snippet:-1","max-image-preview":"max-image-preview:large","max-video-preview":"max-video-preview:-1"},"canonical":"http:\/\/widum278.at\/?page_id=706","og_locale":"de_DE","og_type":"article","og_title":"Wanderungen - Wohlf\u00fchlferienwohnung in Sulzberg","og_description":"&nbsp; Ausflugstipps in der Gegend &nbsp; &nbsp; &nbsp; Grenzerpfad Sulzberg &nbsp; &nbsp; Der grenz\u00fcberschreitender Erlebnisrundweg zwischen Oberreute und Sulzberg (A) ein Erlebnis\u00a0 f\u00fcr die ganze Familie. &nbsp; &nbsp; Engenlochschlucht Hittisau &nbsp; &nbsp; Sie Wanderung f\u00fchrt\u00a0 zur ca. 300 Jahre alten Kommabr\u00fccke, der \u00e4ltesten gedeckten Holzbr\u00fccke des Landes, der Bolgenach entlang bis zur Engenlochschlucht mit ihren [&hellip;]","og_url":"http:\/\/widum278.at\/?page_id=706","og_site_name":"Wohlf\u00fchlferienwohnung in Sulzberg","article_modified_time":"2025-03-18T16:58:07+00:00","twitter_card":"summary_large_image","twitter_misc":{"Gesch\u00e4tzte Lesezeit":"2\u00a0Minuten"},"schema":{"@context":"https:\/\/schema.org","@graph":[{"@type":"WebPage","@id":"http:\/\/widum278.at\/?page_id=706","url":"http:\/\/widum278.at\/?page_id=706","name":"Wanderungen - Wohlf\u00fchlferienwohnung in Sulzberg","isPartOf":{"@id":"https:\/\/widum278.at\/de\/ferienwohnung-2\/#website"},"datePublished":"2020-01-23T11:09:20+00:00","dateModified":"2025-03-18T16:58:07+00:00","breadcrumb":{"@id":"http:\/\/widum278.at\/?page_id=706#breadcrumb"},"inLanguage":"de","potentialAction":[{"@type":"ReadAction","target":["http:\/\/widum278.at\/?page_id=706"]}]},{"@type":"BreadcrumbList","@id":"http:\/\/widum278.at\/?page_id=706#breadcrumb","itemListElement":[{"@type":"ListItem","position":1,"name":"Startseite","item":"http:\/\/widum278.at\/"},{"@type":"ListItem","position":2,"name":"Wanderungen"}]},{"@type":"WebSite","@id":"https:\/\/widum278.at\/de\/ferienwohnung-2\/#website","url":"https:\/\/widum278.at\/de\/ferienwohnung-2\/","name":"Wohlf\u00fchlferienwohnung in Sulzberg","description":"Maly\u00b4s Ferienwohnung - grenzenlos geniessen in Sulzberg-Vorarlberg","potentialAction":[{"@type":"SearchAction","target":{"@type":"EntryPoint","urlTemplate":"https:\/\/widum278.at\/de\/ferienwohnung-2\/?s={search_term_string}"},"query-input":{"@type":"PropertyValueSpecification","valueRequired":true,"valueName":"search_term_string"}}],"inLanguage":"de"}]}},"_links":{"self":[{"href":"http:\/\/widum278.at\/index.php?rest_route=\/wp\/v2\/pages\/706","targetHints":{"allow":["GET"]}}],"collection":[{"href":"http:\/\/widum278.at\/index.php?rest_route=\/wp\/v2\/pages"}],"about":[{"href":"http:\/\/widum278.at\/index.php?rest_route=\/wp\/v2\/types\/page"}],"author":[{"embeddable":true,"href":"http:\/\/widum278.at\/index.php?rest_route=\/wp\/v2\/users\/2"}],"replies":[{"embeddable":true,"href":"http:\/\/widum278.at\/index.php?rest_route=%2Fwp%2Fv2%2Fcomments&post=706"}],"version-history":[{"count":8,"href":"http:\/\/widum278.at\/index.php?rest_route=\/wp\/v2\/pages\/706\/revisions"}],"predecessor-version":[{"id":923,"href":"http:\/\/widum278.at\/index.php?rest_route=\/wp\/v2\/pages\/706\/revisions\/923"}],"wp:attachment":[{"href":"http:\/\/widum278.at\/index.php?rest_route=%2Fwp%2Fv2%2Fmedia&parent=706"}],"curies":[{"name":"wp","href":"https:\/\/api.w.org\/{rel}","templated":true}]}}