{"id":559,"date":"2019-01-07T15:27:34","date_gmt":"2019-01-07T14:27:34","guid":{"rendered":"http:\/\/widum278.at\/?page_id=559"},"modified":"2025-06-15T17:46:27","modified_gmt":"2025-06-15T15:46:27","slug":"exklusive-ferienwohnung-im-bregenzerwald","status":"publish","type":"page","link":"http:\/\/widum278.at\/?page_id=559","title":{"rendered":"Penthousewohnung"},"content":{"rendered":"\n<h3 class=\"wp-block-heading\">Exklusive Ferienwohnung im Bregenzerwald \u2013 Ihr luxuri\u00f6ser R\u00fcckzugsort<br><\/h3>\n\n\n<p>\n\t\t\t\t\t\n\n\t\t\t\t\t<!-- START UNITE GALLERY LITE 1.7.56 -->\n\t\t\t\t\t\n\t\t\t\t\n\t\t\t<div id='unitegallery_9_1' class='unite-gallery' style='margin:0px auto;'>\n\t\t\t\t\n\n\t\t\t\t\t\t<img alt=\"Bregenzerwald Ferienwohnung Sulzberg45\"\n\t\t\t\t\t\t     src=\"\" data-image=\"http:\/\/widum278.at\/wp-content\/uploads\/2019\/04\/Bregenzerwald-Ferienwohnung-Sulzberg45-scaled.jpg\"\n\t\t\t\t\t\t     data-thumb=\"http:\/\/widum278.at\/wp-content\/uploads\/2019\/04\/Bregenzerwald-Ferienwohnung-Sulzberg45-1024x768.jpg\"\n\t\t\t\t\t\t     title=\"\"\n\t\t\t\t\t\t     style=\"display:none\">\n\n\t\t\t\t\t\t<img alt=\"Bregenzerwald Ferienwohnung Sulzberg49\"\n\t\t\t\t\t\t     src=\"\" data-image=\"http:\/\/widum278.at\/wp-content\/uploads\/2019\/04\/Bregenzerwald-Ferienwohnung-Sulzberg49-e1554116943437-scaled.jpg\"\n\t\t\t\t\t\t     data-thumb=\"http:\/\/widum278.at\/wp-content\/uploads\/2019\/04\/Bregenzerwald-Ferienwohnung-Sulzberg49-e1554116943437-768x1024.jpg\"\n\t\t\t\t\t\t     title=\"\"\n\t\t\t\t\t\t     style=\"display:none\">\n\n\t\t\t\t\t\t<img alt=\"Bregenzerwald Ferienwohnung Sulzberg21\"\n\t\t\t\t\t\t     src=\"\" data-image=\"http:\/\/widum278.at\/wp-content\/uploads\/2019\/03\/Bregenzerwald-Ferienwohnung-Sulzberg21-scaled.jpg\"\n\t\t\t\t\t\t     data-thumb=\"http:\/\/widum278.at\/wp-content\/uploads\/2019\/03\/Bregenzerwald-Ferienwohnung-Sulzberg21-564x1024.jpg\"\n\t\t\t\t\t\t     title=\"\"\n\t\t\t\t\t\t     style=\"display:none\">\n\n\t\t\t\t\t\t<img alt=\"Sulzberg Ferienwohnung Bregenzerwald\"\n\t\t\t\t\t\t     src=\"\" data-image=\"http:\/\/widum278.at\/wp-content\/uploads\/2019\/03\/Sulzberg-Ferienwohnung-Bregenzerwald-scaled.jpg\"\n\t\t\t\t\t\t     data-thumb=\"http:\/\/widum278.at\/wp-content\/uploads\/2019\/03\/Sulzberg-Ferienwohnung-Bregenzerwald-768x1024.jpg\"\n\t\t\t\t\t\t     title=\"\"\n\t\t\t\t\t\t     style=\"display:none\">\n\n\t\t\t\t\t\t<img alt=\"Bregenzerwald Ferienwohnung Sulzberg25\"\n\t\t\t\t\t\t     src=\"\" data-image=\"http:\/\/widum278.at\/wp-content\/uploads\/2019\/03\/Bregenzerwald-Ferienwohnung-Sulzberg25-scaled.jpg\"\n\t\t\t\t\t\t     data-thumb=\"http:\/\/widum278.at\/wp-content\/uploads\/2019\/03\/Bregenzerwald-Ferienwohnung-Sulzberg25-768x1024.jpg\"\n\t\t\t\t\t\t     title=\"\"\n\t\t\t\t\t\t     style=\"display:none\">\n\n\t\t\t\t\t\t<img alt=\"Bregenzerwald Ferienwohnung Sulzberg50\"\n\t\t\t\t\t\t     src=\"\" data-image=\"http:\/\/widum278.at\/wp-content\/uploads\/2019\/04\/Bregenzerwald-Ferienwohnung-Sulzberg50-scaled.jpg\"\n\t\t\t\t\t\t     data-thumb=\"http:\/\/widum278.at\/wp-content\/uploads\/2019\/04\/Bregenzerwald-Ferienwohnung-Sulzberg50-1024x768.jpg\"\n\t\t\t\t\t\t     title=\"\"\n\t\t\t\t\t\t     style=\"display:none\">\n\n\t\t\t\t\t\t<img alt=\"Bregenzerwald Ferienwohnung Sulzberg24\"\n\t\t\t\t\t\t     src=\"\" data-image=\"http:\/\/widum278.at\/wp-content\/uploads\/2019\/03\/Bregenzerwald-Ferienwohnung-Sulzberg24-scaled.jpg\"\n\t\t\t\t\t\t     data-thumb=\"http:\/\/widum278.at\/wp-content\/uploads\/2019\/03\/Bregenzerwald-Ferienwohnung-Sulzberg24-1024x889.jpg\"\n\t\t\t\t\t\t     title=\"\"\n\t\t\t\t\t\t     style=\"display:none\">\n\n\t\t\t\t\t\t<img alt=\"Sulzberg Ferienwohnung\"\n\t\t\t\t\t\t     src=\"\" data-image=\"http:\/\/widum278.at\/wp-content\/uploads\/2019\/04\/IMG_4752-e1554116720689-scaled.jpg\"\n\t\t\t\t\t\t     data-thumb=\"http:\/\/widum278.at\/wp-content\/uploads\/2019\/04\/IMG_4752-e1554116720689-768x1024.jpg\"\n\t\t\t\t\t\t     title=\"\"\n\t\t\t\t\t\t     style=\"display:none\">\n\n\t\t\t\t\t\t<img alt=\"Bregenzerwald Ferienwohnung Sulzberg48\"\n\t\t\t\t\t\t     src=\"\" data-image=\"http:\/\/widum278.at\/wp-content\/uploads\/2019\/04\/Bregenzerwald-Ferienwohnung-Sulzberg48-e1554116964851-scaled.jpg\"\n\t\t\t\t\t\t     data-thumb=\"http:\/\/widum278.at\/wp-content\/uploads\/2019\/04\/Bregenzerwald-Ferienwohnung-Sulzberg48-e1554116964851-768x1024.jpg\"\n\t\t\t\t\t\t     title=\"\"\n\t\t\t\t\t\t     style=\"display:none\">\n\n\t\t\t\t\t\t<img alt=\"Bregenzerwald Ferienwohnung Sulzberg47\"\n\t\t\t\t\t\t     src=\"\" data-image=\"http:\/\/widum278.at\/wp-content\/uploads\/2019\/04\/Bregenzerwald-Ferienwohnung-Sulzberg47-e1554116984160-scaled.jpg\"\n\t\t\t\t\t\t     data-thumb=\"http:\/\/widum278.at\/wp-content\/uploads\/2019\/04\/Bregenzerwald-Ferienwohnung-Sulzberg47-e1554116984160-768x1024.jpg\"\n\t\t\t\t\t\t     title=\"\"\n\t\t\t\t\t\t     style=\"display:none\">\n\n\t\t\t\t\t\t<img alt=\"Sulzberg Ferienwohnung\"\n\t\t\t\t\t\t     src=\"\" data-image=\"http:\/\/widum278.at\/wp-content\/uploads\/2019\/04\/IMG_4746-scaled.jpg\"\n\t\t\t\t\t\t     data-thumb=\"http:\/\/widum278.at\/wp-content\/uploads\/2019\/04\/IMG_4746-1024x768.jpg\"\n\t\t\t\t\t\t     title=\"\"\n\t\t\t\t\t\t     style=\"display:none\">\n\n\t\t\t\t\t\t<img alt=\"Bregenzerwald Ferienwohnung Sulzberg44\"\n\t\t\t\t\t\t     src=\"\" data-image=\"http:\/\/widum278.at\/wp-content\/uploads\/2019\/04\/Bregenzerwald-Ferienwohnung-Sulzberg44-e1554117282905-scaled.jpg\"\n\t\t\t\t\t\t     data-thumb=\"http:\/\/widum278.at\/wp-content\/uploads\/2019\/04\/Bregenzerwald-Ferienwohnung-Sulzberg44-e1554117282905-768x1024.jpg\"\n\t\t\t\t\t\t     title=\"\"\n\t\t\t\t\t\t     style=\"display:none\">\n\n\t\t\t\t\t\t<img alt=\"Bregenzerwald Ferienwohnung Sulzberg43\"\n\t\t\t\t\t\t     src=\"\" data-image=\"http:\/\/widum278.at\/wp-content\/uploads\/2019\/04\/Bregenzerwald-Ferienwohnung-Sulzberg43-e1554117305443-scaled.jpg\"\n\t\t\t\t\t\t     data-thumb=\"http:\/\/widum278.at\/wp-content\/uploads\/2019\/04\/Bregenzerwald-Ferienwohnung-Sulzberg43-e1554117305443-768x1024.jpg\"\n\t\t\t\t\t\t     title=\"\"\n\t\t\t\t\t\t     style=\"display:none\">\n\n\t\t\t\t\t\t<img alt=\"Bregenzerwald Ferienwohnung Sulzberg35\"\n\t\t\t\t\t\t     src=\"\" data-image=\"http:\/\/widum278.at\/wp-content\/uploads\/2019\/03\/Bregenzerwald-Ferienwohnung-Sulzberg35.jpg\"\n\t\t\t\t\t\t     data-thumb=\"http:\/\/widum278.at\/wp-content\/uploads\/2019\/03\/Bregenzerwald-Ferienwohnung-Sulzberg35.jpg\"\n\t\t\t\t\t\t     title=\"\"\n\t\t\t\t\t\t     style=\"display:none\">\n\n\t\t\t\t\t\t<img alt=\"Bregenzerwald Ferienwohnung Sulzberg26\"\n\t\t\t\t\t\t     src=\"\" data-image=\"http:\/\/widum278.at\/wp-content\/uploads\/2019\/03\/Bregenzerwald-Ferienwohnung-Sulzberg26-scaled.jpg\"\n\t\t\t\t\t\t     data-thumb=\"http:\/\/widum278.at\/wp-content\/uploads\/2019\/03\/Bregenzerwald-Ferienwohnung-Sulzberg26-1024x768.jpg\"\n\t\t\t\t\t\t     title=\"\"\n\t\t\t\t\t\t     style=\"display:none\">\n\n\t\t\t\t\t\t<img alt=\"Bregenzerwald Ferienwohnung Sulzberg23\"\n\t\t\t\t\t\t     src=\"\" data-image=\"http:\/\/widum278.at\/wp-content\/uploads\/2019\/03\/Bregenzerwald-Ferienwohnung-Sulzberg23-scaled.jpg\"\n\t\t\t\t\t\t     data-thumb=\"http:\/\/widum278.at\/wp-content\/uploads\/2019\/03\/Bregenzerwald-Ferienwohnung-Sulzberg23-858x1024.jpg\"\n\t\t\t\t\t\t     title=\"\"\n\t\t\t\t\t\t     style=\"display:none\">\n\n\t\t\t\t\t\t<img alt=\"IMG_4751\"\n\t\t\t\t\t\t     src=\"\" data-image=\"http:\/\/widum278.at\/wp-content\/uploads\/2021\/09\/IMG_4751-scaled.jpg\"\n\t\t\t\t\t\t     data-thumb=\"http:\/\/widum278.at\/wp-content\/uploads\/2021\/09\/IMG_4751-1024x768.jpg\"\n\t\t\t\t\t\t     title=\"\"\n\t\t\t\t\t\t     style=\"display:none\">\n\n\t\t\t\t\t\t<img alt=\"IMG_4749\"\n\t\t\t\t\t\t     src=\"\" data-image=\"http:\/\/widum278.at\/wp-content\/uploads\/2021\/09\/IMG_4749-scaled.jpg\"\n\t\t\t\t\t\t     data-thumb=\"http:\/\/widum278.at\/wp-content\/uploads\/2021\/09\/IMG_4749-768x1024.jpg\"\n\t\t\t\t\t\t     title=\"\"\n\t\t\t\t\t\t     style=\"display:none\">\n\n\t\t\t\t\t\t<img alt=\"IMG_4747\"\n\t\t\t\t\t\t     src=\"\" data-image=\"http:\/\/widum278.at\/wp-content\/uploads\/2021\/09\/IMG_4747-scaled.jpg\"\n\t\t\t\t\t\t     data-thumb=\"http:\/\/widum278.at\/wp-content\/uploads\/2021\/09\/IMG_4747-768x1024.jpg\"\n\t\t\t\t\t\t     title=\"\"\n\t\t\t\t\t\t     style=\"display:none\">\n\n\t\t\t\t\t\t<img alt=\"IMG_4746\"\n\t\t\t\t\t\t     src=\"\" data-image=\"http:\/\/widum278.at\/wp-content\/uploads\/2021\/09\/IMG_4746-scaled.jpg\"\n\t\t\t\t\t\t     data-thumb=\"http:\/\/widum278.at\/wp-content\/uploads\/2021\/09\/IMG_4746-1024x768.jpg\"\n\t\t\t\t\t\t     title=\"\"\n\t\t\t\t\t\t     style=\"display:none\">\n\t\t\t<\/div>\n\n\t\t\t<script type='text\/javascript'>\n\t\t\t\twindow.onload = function(e) {\n\t\t\t\t\tif(typeof ugCheckForErrors == \"undefined\"){\n\t\t\t\t\t\tdocument.getElementById(\"unitegallery_9_1\").innerHTML = \"<span style='color:red'>Unite Gallery Error - gallery js and css files not included in the footer. Please make sure that wp_footer() function is added to your theme.<\/span>\";}\n\t\t\t\t\telse{ ugCheckForErrors(\"unitegallery_9_1\", \"jquery\");}\n\t\t\t\t};\n\t\t\t<\/script>\n\n\t\t\t<!-- END UNITEGALLERY LITE--><\/p>\n\n\n\n<h2 class=\"wp-block-heading\">Ihr exklusiver Wohnraum<\/h2>\n\n\n\n<p>Genie\u00dfen Sie das einzigartige Ambiente unserer exklusiven Ferienwohnung im Bregenzerwald. Der hohe Dachstuhl schafft eine lichtdurchflutete Atmosph\u00e4re und verleiht dem Penthouse ein besonderes Flair. Die offene K\u00fcche ist mit hochwertigen Ger\u00e4ten ausgestattet und bietet direkten Zugang zum Ess- und Wohnzimmer. Eine gem\u00fctliche Couch l\u00e4dt zum Entspannen ein.<\/p>\n\n\n\n<h2 class=\"wp-block-heading\">Schlafkomfort f\u00fcr erholsame N\u00e4chte<\/h2>\n\n\n\n<p>Das ma\u00dfgeschneiderte Zirbenbett im Hauptschlafzimmer sorgt f\u00fcr tiefen, erholsamen Schlaf. Zus\u00e4tzlich steht ein weiteres Schlafzimmer mit einem Einzelbett zur Verf\u00fcgung \u2013 ideal f\u00fcr Familien oder Freunde.<\/p>\n\n\n\n<h2 class=\"wp-block-heading\">Exklusiver G\u00e4stebereich<\/h2>\n\n\n\n<p>Unsere Ferienwohnung verf\u00fcgt \u00fcber einen separaten Hauseingang, um Ihnen maximale Privatsph\u00e4re zu bieten. Ein eigener Waschraum mit Waschmaschine und Trockner sorgt f\u00fcr zus\u00e4tzlichen Komfort \u2013 perfekt f\u00fcr l\u00e4ngere Aufenthalte.<\/p>\n\n\n\n<h2 class=\"wp-block-heading\">Luxuri\u00f6se Ausstattung &amp; Highlights<\/h2>\n\n\n\n<ul class=\"wp-block-list\">\n<li>Modernes Badezimmer mit Infrarotstuhl f\u00fcr entspannende Wellnessmomente<\/li>\n\n\n\n<li>Ladestation f\u00fcr Elektroautos \u2013 bequem &amp; umweltfreundlich unterwegs<\/li>\n<\/ul>\n\n\n\n<h2 class=\"wp-block-heading\">Preise &amp; Verf\u00fcgbarkeit<\/h2>\n\n\n\n<p><strong>Tagespreis:<\/strong> ab \u20ac 95,00 (saisonabh\u00e4ngig) exkl. Ortstaxe<br> <strong>Endreinigung:<\/strong> einmalig \u20ac 72,00<\/p>\n\n\n\n<p><strong>Buchen Sie jetzt und erleben Sie eine exklusive Ferienwohnung im Bregenzerwald!<br><\/strong><\/p>\n\n\n\n<p><\/p>\n","protected":false},"excerpt":{"rendered":"<p>Exklusive Ferienwohnung im Bregenzerwald \u2013 Ihr luxuri\u00f6ser R\u00fcckzugsort Ihr exklusiver Wohnraum Genie\u00dfen Sie das einzigartige Ambiente unserer exklusiven Ferienwohnung im Bregenzerwald. Der hohe Dachstuhl schafft eine lichtdurchflutete Atmosph\u00e4re und verleiht dem Penthouse ein besonderes Flair. Die offene K\u00fcche ist mit hochwertigen Ger\u00e4ten ausgestattet und bietet direkten Zugang zum Ess- und Wohnzimmer. Eine gem\u00fctliche Couch l\u00e4dt [&hellip;]<\/p>\n","protected":false},"author":2,"featured_media":0,"parent":0,"menu_order":0,"comment_status":"closed","ping_status":"closed","template":"","meta":{"footnotes":""},"class_list":["post-559","page","type-page","status-publish","hentry"],"yoast_head":"<!-- This site is optimized with the Yoast SEO plugin v24.6 - https:\/\/yoast.com\/wordpress\/plugins\/seo\/ -->\n<title>Penthousewohnung - Wohlf\u00fchlferienwohnung in Sulzberg<\/title>\n<meta name=\"description\" content=\"Exklusive Ferienwohnung im Bregenzerwald \u2013 luxuri\u00f6s wohnen mit Zirbenbett, Infrarotstuhl &amp; E-Ladestation. Perfekt f\u00fcr Erholung &amp; Naturgenuss.\" \/>\n<meta name=\"robots\" content=\"index, follow, max-snippet:-1, max-image-preview:large, max-video-preview:-1\" \/>\n<link rel=\"canonical\" href=\"http:\/\/widum278.at\/?page_id=559\" \/>\n<meta property=\"og:locale\" content=\"de_DE\" \/>\n<meta property=\"og:type\" content=\"article\" \/>\n<meta property=\"og:title\" content=\"Penthousewohnung - Wohlf\u00fchlferienwohnung in Sulzberg\" \/>\n<meta property=\"og:description\" content=\"Exklusive Ferienwohnung im Bregenzerwald \u2013 luxuri\u00f6s wohnen mit Zirbenbett, Infrarotstuhl &amp; E-Ladestation. Perfekt f\u00fcr Erholung &amp; Naturgenuss.\" \/>\n<meta property=\"og:url\" content=\"http:\/\/widum278.at\/?page_id=559\" \/>\n<meta property=\"og:site_name\" content=\"Wohlf\u00fchlferienwohnung in Sulzberg\" \/>\n<meta property=\"article:modified_time\" content=\"2025-06-15T15:46:27+00:00\" \/>\n<meta name=\"twitter:card\" content=\"summary_large_image\" \/>\n<meta name=\"twitter:label1\" content=\"Gesch\u00e4tzte Lesezeit\" \/>\n\t<meta name=\"twitter:data1\" content=\"1\u00a0Minute\" \/>\n<script type=\"application\/ld+json\" class=\"yoast-schema-graph\">{\"@context\":\"https:\/\/schema.org\",\"@graph\":[{\"@type\":\"WebPage\",\"@id\":\"http:\/\/widum278.at\/?page_id=559\",\"url\":\"http:\/\/widum278.at\/?page_id=559\",\"name\":\"Penthousewohnung - Wohlf\u00fchlferienwohnung in Sulzberg\",\"isPartOf\":{\"@id\":\"https:\/\/widum278.at\/de\/ferienwohnung-2\/#website\"},\"datePublished\":\"2019-01-07T14:27:34+00:00\",\"dateModified\":\"2025-06-15T15:46:27+00:00\",\"description\":\"Exklusive Ferienwohnung im Bregenzerwald \u2013 luxuri\u00f6s wohnen mit Zirbenbett, Infrarotstuhl & E-Ladestation. Perfekt f\u00fcr Erholung & Naturgenuss.\",\"breadcrumb\":{\"@id\":\"http:\/\/widum278.at\/?page_id=559#breadcrumb\"},\"inLanguage\":\"de\",\"potentialAction\":[{\"@type\":\"ReadAction\",\"target\":[\"http:\/\/widum278.at\/?page_id=559\"]}]},{\"@type\":\"BreadcrumbList\",\"@id\":\"http:\/\/widum278.at\/?page_id=559#breadcrumb\",\"itemListElement\":[{\"@type\":\"ListItem\",\"position\":1,\"name\":\"Startseite\",\"item\":\"http:\/\/widum278.at\/\"},{\"@type\":\"ListItem\",\"position\":2,\"name\":\"Penthousewohnung\"}]},{\"@type\":\"WebSite\",\"@id\":\"https:\/\/widum278.at\/de\/ferienwohnung-2\/#website\",\"url\":\"https:\/\/widum278.at\/de\/ferienwohnung-2\/\",\"name\":\"Wohlf\u00fchlferienwohnung in Sulzberg\",\"description\":\"Maly\u00b4s Ferienwohnung - grenzenlos geniessen in Sulzberg-Vorarlberg\",\"potentialAction\":[{\"@type\":\"SearchAction\",\"target\":{\"@type\":\"EntryPoint\",\"urlTemplate\":\"https:\/\/widum278.at\/de\/ferienwohnung-2\/?s={search_term_string}\"},\"query-input\":{\"@type\":\"PropertyValueSpecification\",\"valueRequired\":true,\"valueName\":\"search_term_string\"}}],\"inLanguage\":\"de\"}]}<\/script>\n<!-- \/ Yoast SEO plugin. -->","yoast_head_json":{"title":"Penthousewohnung - Wohlf\u00fchlferienwohnung in Sulzberg","description":"Exklusive Ferienwohnung im Bregenzerwald \u2013 luxuri\u00f6s wohnen mit Zirbenbett, Infrarotstuhl & E-Ladestation. Perfekt f\u00fcr Erholung & Naturgenuss.","robots":{"index":"index","follow":"follow","max-snippet":"max-snippet:-1","max-image-preview":"max-image-preview:large","max-video-preview":"max-video-preview:-1"},"canonical":"http:\/\/widum278.at\/?page_id=559","og_locale":"de_DE","og_type":"article","og_title":"Penthousewohnung - Wohlf\u00fchlferienwohnung in Sulzberg","og_description":"Exklusive Ferienwohnung im Bregenzerwald \u2013 luxuri\u00f6s wohnen mit Zirbenbett, Infrarotstuhl & E-Ladestation. Perfekt f\u00fcr Erholung & Naturgenuss.","og_url":"http:\/\/widum278.at\/?page_id=559","og_site_name":"Wohlf\u00fchlferienwohnung in Sulzberg","article_modified_time":"2025-06-15T15:46:27+00:00","twitter_card":"summary_large_image","twitter_misc":{"Gesch\u00e4tzte Lesezeit":"1\u00a0Minute"},"schema":{"@context":"https:\/\/schema.org","@graph":[{"@type":"WebPage","@id":"http:\/\/widum278.at\/?page_id=559","url":"http:\/\/widum278.at\/?page_id=559","name":"Penthousewohnung - Wohlf\u00fchlferienwohnung in Sulzberg","isPartOf":{"@id":"https:\/\/widum278.at\/de\/ferienwohnung-2\/#website"},"datePublished":"2019-01-07T14:27:34+00:00","dateModified":"2025-06-15T15:46:27+00:00","description":"Exklusive Ferienwohnung im Bregenzerwald \u2013 luxuri\u00f6s wohnen mit Zirbenbett, Infrarotstuhl & E-Ladestation. Perfekt f\u00fcr Erholung & Naturgenuss.","breadcrumb":{"@id":"http:\/\/widum278.at\/?page_id=559#breadcrumb"},"inLanguage":"de","potentialAction":[{"@type":"ReadAction","target":["http:\/\/widum278.at\/?page_id=559"]}]},{"@type":"BreadcrumbList","@id":"http:\/\/widum278.at\/?page_id=559#breadcrumb","itemListElement":[{"@type":"ListItem","position":1,"name":"Startseite","item":"http:\/\/widum278.at\/"},{"@type":"ListItem","position":2,"name":"Penthousewohnung"}]},{"@type":"WebSite","@id":"https:\/\/widum278.at\/de\/ferienwohnung-2\/#website","url":"https:\/\/widum278.at\/de\/ferienwohnung-2\/","name":"Wohlf\u00fchlferienwohnung in Sulzberg","description":"Maly\u00b4s Ferienwohnung - grenzenlos geniessen in Sulzberg-Vorarlberg","potentialAction":[{"@type":"SearchAction","target":{"@type":"EntryPoint","urlTemplate":"https:\/\/widum278.at\/de\/ferienwohnung-2\/?s={search_term_string}"},"query-input":{"@type":"PropertyValueSpecification","valueRequired":true,"valueName":"search_term_string"}}],"inLanguage":"de"}]}},"_links":{"self":[{"href":"http:\/\/widum278.at\/index.php?rest_route=\/wp\/v2\/pages\/559","targetHints":{"allow":["GET"]}}],"collection":[{"href":"http:\/\/widum278.at\/index.php?rest_route=\/wp\/v2\/pages"}],"about":[{"href":"http:\/\/widum278.at\/index.php?rest_route=\/wp\/v2\/types\/page"}],"author":[{"embeddable":true,"href":"http:\/\/widum278.at\/index.php?rest_route=\/wp\/v2\/users\/2"}],"replies":[{"embeddable":true,"href":"http:\/\/widum278.at\/index.php?rest_route=%2Fwp%2Fv2%2Fcomments&post=559"}],"version-history":[{"count":10,"href":"http:\/\/widum278.at\/index.php?rest_route=\/wp\/v2\/pages\/559\/revisions"}],"predecessor-version":[{"id":950,"href":"http:\/\/widum278.at\/index.php?rest_route=\/wp\/v2\/pages\/559\/revisions\/950"}],"wp:attachment":[{"href":"http:\/\/widum278.at\/index.php?rest_route=%2Fwp%2Fv2%2Fmedia&parent=559"}],"curies":[{"name":"wp","href":"https:\/\/api.w.org\/{rel}","templated":true}]}}