{"id":5,"date":"2017-07-25T08:59:42","date_gmt":"2017-07-25T06:59:42","guid":{"rendered":"http:\/\/widum278.at\/?page_id=5"},"modified":"2025-03-18T18:08:40","modified_gmt":"2025-03-18T17:08:40","slug":"exklusive-ferienwohnungen-im-bregenzerwald-gartenwohnung-penthouse","status":"publish","type":"page","link":"http:\/\/widum278.at\/","title":{"rendered":"Urlaub im Bregenzerwald"},"content":{"rendered":"<p>\n\t\t\t\t\t\n\n\t\t\t\t\t<!-- START UNITE GALLERY LITE 1.7.56 -->\n\t\t\t\t\t\n\t\t\t\t\n\t\t\t<div id='unitegallery_20_1' class='unite-gallery' style='margin:0px auto;'>\n\t\t\t\t\n\n\t\t\t\t\t\t<img alt=\"Garten\"\n\t\t\t\t\t\t     src=\"\" data-image=\"http:\/\/widum278.at\/wp-content\/uploads\/2017\/08\/Maly_Wohnung_Sulzberg-7-1-e1504601797356.jpg\"\n\t\t\t\t\t\t     data-thumb=\"http:\/\/widum278.at\/wp-content\/uploads\/2017\/08\/Maly_Wohnung_Sulzberg-7-1-e1504601797356.jpg\"\n\t\t\t\t\t\t     title=\"Diese wundersch\u00f6ne Ferienwohnung im Bregenzerwald in Sulzberg l\u00e4dt ein einen ruhigen Urlaub zu verbringen. \"\n\t\t\t\t\t\t     style=\"display:none\">\n\n\t\t\t\t\t\t<img alt=\"Ferienwohnung\"\n\t\t\t\t\t\t     src=\"\" data-image=\"http:\/\/widum278.at\/wp-content\/uploads\/2017\/08\/Maly_Wohnung_Sulzberg-18-e1504596777405.jpg\"\n\t\t\t\t\t\t     data-thumb=\"http:\/\/widum278.at\/wp-content\/uploads\/2017\/08\/Maly_Wohnung_Sulzberg-18-e1504596777405.jpg\"\n\t\t\t\t\t\t     title=\"Diese wundersch\u00f6ne Ferienwohnung im Bregenzerwald in Sulzberg l\u00e4dt ein einen ruhigen Urlaub zu verbringen. \"\n\t\t\t\t\t\t     style=\"display:none\">\n\n\t\t\t\t\t\t<img alt=\"Garten\"\n\t\t\t\t\t\t     src=\"\" data-image=\"http:\/\/widum278.at\/wp-content\/uploads\/2017\/08\/Maly_Wohnung_Sulzberg-9-e1504596980490.jpg\"\n\t\t\t\t\t\t     data-thumb=\"http:\/\/widum278.at\/wp-content\/uploads\/2017\/08\/Maly_Wohnung_Sulzberg-9-e1504596980490.jpg\"\n\t\t\t\t\t\t     title=\"Diese wundersch\u00f6ne Ferienwohnung im Bregenzerwald in Sulzberg l\u00e4dt ein einen ruhigen Urlaub zu verbringen. \"\n\t\t\t\t\t\t     style=\"display:none\">\n\t\t\t<\/div>\n\n\t\t\t<script type='text\/javascript'>\n\t\t\t\twindow.onload = function(e) {\n\t\t\t\t\tif(typeof ugCheckForErrors == \"undefined\"){\n\t\t\t\t\t\tdocument.getElementById(\"unitegallery_20_1\").innerHTML = \"<span style='color:red'>Unite Gallery Error - gallery js and css files not included in the footer. Please make sure that wp_footer() function is added to your theme.<\/span>\";}\n\t\t\t\t\telse{ ugCheckForErrors(\"unitegallery_20_1\", \"jquery\");}\n\t\t\t\t};\n\t\t\t<\/script>\n\n\t\t\t<!-- END UNITEGALLERY LITE--><\/p>\n\n\n<figure class=\"wp-block-image size-full\" style=\"text-align: center;\"><\/figure>\n<p><!-- Haupt\u00fcberschrift mit Fokus-Keyword f\u00fcr SEO --><\/p>\n<h3 class=\"wp-block-heading has-text-align-center\">Exklusive Ferienwohnungen im Bregenzerwald \u2013 Gartenwohnung &amp; Penthouse<\/h3>\n<p><!-- Wrapper f\u00fcr zentrierten Inhalt mit Standardabst\u00e4nden --><\/p>\n<div style=\"max-width: 800px; margin: 0 auto; padding: 20px; text-align: left;\">\n<p><!-- Einleitung mit besseren Keywords --><\/p>\n<p>Erleben Sie unvergessliche Urlaubstage in unseren zwei modernen Ferienwohnungen in Sulzberg, im Herzen des vorderen Bregenzerwalds in Vorarlberg. Ob in der gem\u00fctlichen <strong>Gartenwohnung<\/strong> mit direktem Zugang zur Natur oder im stilvollen <strong>Penthouse<\/strong> mit atemberaubendem Panoramablick \u2013 hier genie\u00dfen Sie h\u00f6chsten Komfort und eine erholsame Auszeit.<\/p>\n<p><!-- Mehrwert betonen --><\/p>\n<p>Dank der einzigartigen Lage auf \u00fcber 1000 Metern Seeh\u00f6he genie\u00dfen Sie eine spektakul\u00e4re Aussicht auf die umliegenden Alpen. Sulzberg bietet weitl\u00e4ufige Wanderwege, zahlreiche Freizeitm\u00f6glichkeiten und ist sowohl im Sommer als auch im Winter ein perfektes Reiseziel f\u00fcr Naturliebhaber und Erholungssuchende.<\/p>\n<p><!-- Beschreibung der beiden Ferienwohnungen --><\/p>\n<h2>Unsere Ferienwohnungen im \u00dcberblick<\/h2>\n<h3>Die Gartenwohnung<\/h3>\n<p>Unsere gem\u00fctliche Gartenwohnung bietet direkten Zugang zum Gr\u00fcnen und ist ideal f\u00fcr Naturliebhaber. Sie \u00fcberzeugt mit:<\/p>\n<ul>\n<li>Eigener Terrasse &amp; Garten<\/li>\n<li>Komplett ausgestatteter K\u00fcche<\/li>\n<li>Hochwertigen M\u00f6beln f\u00fcr maximalen Komfort<\/li>\n<\/ul>\n<h3>Das Penthouse<\/h3>\n<p>Das stilvolle Penthouse beeindruckt mit einer offenen Raumgestaltung und gro\u00dfem Dachstuhl. Es bietet:<\/p>\n<ul>\n<li>Panoramafenster mit Alpenblick<\/li>\n<li>Luxuri\u00f6ses Zirbenbett f\u00fcr erholsamen Schlaf<\/li>\n<li>Exklusive Ausstattung mit Infrarotstuhl<\/li>\n<\/ul>\n<p><!-- Klare Handlungsaufforderung mit Kontaktm\u00f6glichkeit --><\/p>\n<p style=\"text-align: center;\"><strong>Haben Sie Fragen oder m\u00f6chten Sie buchen?<\/strong><br \/>Kontaktieren Sie uns unter: <a href=\"mailto:sonjamaly653@gmail.com\">sonjamaly653@gmail.com<\/a><\/p>\n<\/div>","protected":false},"excerpt":{"rendered":"<p>Exklusive Ferienwohnungen im Bregenzerwald \u2013 Gartenwohnung &amp; Penthouse Erleben Sie unvergessliche Urlaubstage in unseren zwei modernen Ferienwohnungen in Sulzberg, im Herzen des vorderen Bregenzerwalds in Vorarlberg. Ob in der gem\u00fctlichen Gartenwohnung mit direktem Zugang zur Natur oder im stilvollen Penthouse mit atemberaubendem Panoramablick \u2013 hier genie\u00dfen Sie h\u00f6chsten Komfort und eine erholsame Auszeit. Dank der [&hellip;]<\/p>\n","protected":false},"author":1,"featured_media":0,"parent":0,"menu_order":0,"comment_status":"closed","ping_status":"closed","template":"","meta":{"footnotes":""},"class_list":["post-5","page","type-page","status-publish","hentry"],"yoast_head":"<!-- This site is optimized with the Yoast SEO plugin v24.6 - https:\/\/yoast.com\/wordpress\/plugins\/seo\/ -->\n<title>Urlaub im Bregenzerwald - Wohlf\u00fchlferienwohnung in Sulzberg<\/title>\n<meta name=\"description\" content=\"Luxuri\u00f6se Ferienwohnungen im Bregenzerwald: Gartenwohnung mit Terrasse &amp; Penthouse mit Alpenblick. Perfekt f\u00fcr Erholung &amp; Natururlaub.\" \/>\n<meta name=\"robots\" content=\"index, follow, max-snippet:-1, max-image-preview:large, max-video-preview:-1\" \/>\n<link rel=\"canonical\" href=\"http:\/\/widum278.at\/\" \/>\n<meta property=\"og:locale\" content=\"de_DE\" \/>\n<meta property=\"og:type\" content=\"article\" \/>\n<meta property=\"og:title\" content=\"Urlaub im Bregenzerwald - Wohlf\u00fchlferienwohnung in Sulzberg\" \/>\n<meta property=\"og:description\" content=\"Luxuri\u00f6se Ferienwohnungen im Bregenzerwald: Gartenwohnung mit Terrasse &amp; Penthouse mit Alpenblick. Perfekt f\u00fcr Erholung &amp; Natururlaub.\" \/>\n<meta property=\"og:url\" content=\"http:\/\/widum278.at\/\" \/>\n<meta property=\"og:site_name\" content=\"Wohlf\u00fchlferienwohnung in Sulzberg\" \/>\n<meta property=\"article:modified_time\" content=\"2025-03-18T17:08:40+00:00\" \/>\n<meta name=\"twitter:card\" content=\"summary_large_image\" \/>\n<meta name=\"twitter:label1\" content=\"Gesch\u00e4tzte Lesezeit\" \/>\n\t<meta name=\"twitter:data1\" content=\"1\u00a0Minute\" \/>\n<script type=\"application\/ld+json\" class=\"yoast-schema-graph\">{\"@context\":\"https:\/\/schema.org\",\"@graph\":[{\"@type\":\"WebPage\",\"@id\":\"http:\/\/widum278.at\/\",\"url\":\"http:\/\/widum278.at\/\",\"name\":\"Urlaub im Bregenzerwald - Wohlf\u00fchlferienwohnung in Sulzberg\",\"isPartOf\":{\"@id\":\"https:\/\/widum278.at\/de\/ferienwohnung-2\/#website\"},\"datePublished\":\"2017-07-25T06:59:42+00:00\",\"dateModified\":\"2025-03-18T17:08:40+00:00\",\"description\":\"Luxuri\u00f6se Ferienwohnungen im Bregenzerwald: Gartenwohnung mit Terrasse & Penthouse mit Alpenblick. Perfekt f\u00fcr Erholung & Natururlaub.\",\"breadcrumb\":{\"@id\":\"http:\/\/widum278.at\/#breadcrumb\"},\"inLanguage\":\"de\",\"potentialAction\":[{\"@type\":\"ReadAction\",\"target\":[\"http:\/\/widum278.at\/\"]}]},{\"@type\":\"BreadcrumbList\",\"@id\":\"http:\/\/widum278.at\/#breadcrumb\",\"itemListElement\":[{\"@type\":\"ListItem\",\"position\":1,\"name\":\"Startseite\",\"item\":\"http:\/\/widum278.at\/\"},{\"@type\":\"ListItem\",\"position\":2,\"name\":\"Urlaub im Bregenzerwald\"}]},{\"@type\":\"WebSite\",\"@id\":\"https:\/\/widum278.at\/de\/ferienwohnung-2\/#website\",\"url\":\"https:\/\/widum278.at\/de\/ferienwohnung-2\/\",\"name\":\"Wohlf\u00fchlferienwohnung in Sulzberg\",\"description\":\"Maly\u00b4s Ferienwohnung - grenzenlos geniessen in Sulzberg-Vorarlberg\",\"potentialAction\":[{\"@type\":\"SearchAction\",\"target\":{\"@type\":\"EntryPoint\",\"urlTemplate\":\"https:\/\/widum278.at\/de\/ferienwohnung-2\/?s={search_term_string}\"},\"query-input\":{\"@type\":\"PropertyValueSpecification\",\"valueRequired\":true,\"valueName\":\"search_term_string\"}}],\"inLanguage\":\"de\"}]}<\/script>\n<!-- \/ Yoast SEO plugin. -->","yoast_head_json":{"title":"Urlaub im Bregenzerwald - Wohlf\u00fchlferienwohnung in Sulzberg","description":"Luxuri\u00f6se Ferienwohnungen im Bregenzerwald: Gartenwohnung mit Terrasse & Penthouse mit Alpenblick. Perfekt f\u00fcr Erholung & Natururlaub.","robots":{"index":"index","follow":"follow","max-snippet":"max-snippet:-1","max-image-preview":"max-image-preview:large","max-video-preview":"max-video-preview:-1"},"canonical":"http:\/\/widum278.at\/","og_locale":"de_DE","og_type":"article","og_title":"Urlaub im Bregenzerwald - Wohlf\u00fchlferienwohnung in Sulzberg","og_description":"Luxuri\u00f6se Ferienwohnungen im Bregenzerwald: Gartenwohnung mit Terrasse & Penthouse mit Alpenblick. Perfekt f\u00fcr Erholung & Natururlaub.","og_url":"http:\/\/widum278.at\/","og_site_name":"Wohlf\u00fchlferienwohnung in Sulzberg","article_modified_time":"2025-03-18T17:08:40+00:00","twitter_card":"summary_large_image","twitter_misc":{"Gesch\u00e4tzte Lesezeit":"1\u00a0Minute"},"schema":{"@context":"https:\/\/schema.org","@graph":[{"@type":"WebPage","@id":"http:\/\/widum278.at\/","url":"http:\/\/widum278.at\/","name":"Urlaub im Bregenzerwald - Wohlf\u00fchlferienwohnung in Sulzberg","isPartOf":{"@id":"https:\/\/widum278.at\/de\/ferienwohnung-2\/#website"},"datePublished":"2017-07-25T06:59:42+00:00","dateModified":"2025-03-18T17:08:40+00:00","description":"Luxuri\u00f6se Ferienwohnungen im Bregenzerwald: Gartenwohnung mit Terrasse & Penthouse mit Alpenblick. Perfekt f\u00fcr Erholung & Natururlaub.","breadcrumb":{"@id":"http:\/\/widum278.at\/#breadcrumb"},"inLanguage":"de","potentialAction":[{"@type":"ReadAction","target":["http:\/\/widum278.at\/"]}]},{"@type":"BreadcrumbList","@id":"http:\/\/widum278.at\/#breadcrumb","itemListElement":[{"@type":"ListItem","position":1,"name":"Startseite","item":"http:\/\/widum278.at\/"},{"@type":"ListItem","position":2,"name":"Urlaub im Bregenzerwald"}]},{"@type":"WebSite","@id":"https:\/\/widum278.at\/de\/ferienwohnung-2\/#website","url":"https:\/\/widum278.at\/de\/ferienwohnung-2\/","name":"Wohlf\u00fchlferienwohnung in Sulzberg","description":"Maly\u00b4s Ferienwohnung - grenzenlos geniessen in Sulzberg-Vorarlberg","potentialAction":[{"@type":"SearchAction","target":{"@type":"EntryPoint","urlTemplate":"https:\/\/widum278.at\/de\/ferienwohnung-2\/?s={search_term_string}"},"query-input":{"@type":"PropertyValueSpecification","valueRequired":true,"valueName":"search_term_string"}}],"inLanguage":"de"}]}},"_links":{"self":[{"href":"http:\/\/widum278.at\/index.php?rest_route=\/wp\/v2\/pages\/5","targetHints":{"allow":["GET"]}}],"collection":[{"href":"http:\/\/widum278.at\/index.php?rest_route=\/wp\/v2\/pages"}],"about":[{"href":"http:\/\/widum278.at\/index.php?rest_route=\/wp\/v2\/types\/page"}],"author":[{"embeddable":true,"href":"http:\/\/widum278.at\/index.php?rest_route=\/wp\/v2\/users\/1"}],"replies":[{"embeddable":true,"href":"http:\/\/widum278.at\/index.php?rest_route=%2Fwp%2Fv2%2Fcomments&post=5"}],"version-history":[{"count":10,"href":"http:\/\/widum278.at\/index.php?rest_route=\/wp\/v2\/pages\/5\/revisions"}],"predecessor-version":[{"id":928,"href":"http:\/\/widum278.at\/index.php?rest_route=\/wp\/v2\/pages\/5\/revisions\/928"}],"wp:attachment":[{"href":"http:\/\/widum278.at\/index.php?rest_route=%2Fwp%2Fv2%2Fmedia&parent=5"}],"curies":[{"name":"wp","href":"https:\/\/api.w.org\/{rel}","templated":true}]}}